9116. What is r(-22)?
2
Let a(k) = 43246*k - 2594756. Give a(60).
4
Let x(d) = 4*d**2 - 1699*d - 10781. Calculate x(431).
-6
Let k(g) = g**3 + 25*g**2 - 230*g + 410. What is k(3)?
-28
Let m(u) = -51391*u - 616764. Determine m(-12).
-72
Let n(t) = -237*t - 13001. Determine n(-53).
-440
Let c(f) = -1919*f + 151606. Give c(79).
5
Let y(p) = p**2 - 26*p - 6024. Determine y(91).
-109
Let z(t) = -2*t**2 + 153*t + 475. Give z(84).
-785
Let s(i) = 3988*i + 247253. Calculate s(-62).
-3
Let r(w) = -1285334*w + 10282665. Calculate r(8).
-7
Let q(s) = 80*s - 46303. Give q(579).
17
Let u(s) = -2*s**3 + 45*s**2 - 648*s + 1134. Give u(2).
2
Let b(g) = -3*g**2 - 2272*g - 399364. Calculate b(-480).
-4
Let f(u) = -2*u**3 + 1104*u**2 - 191*u + 105432. What is f(552)?
0
Let d(k) = -66*k**2 - 827*k - 1373. What is d(-2)?
17
Let j(v) = -2*v**3 - 98*v**2 + 37*v + 1825. Determine j(-49).
12
Let r(w) = 1444*w**2 + 23175*w + 1132. Give r(-16).
-4
Let c(t) = 18*t**3 - 295*t**2 - 196*t + 147. Determine c(17).
-6
Let q(r) = 276*r - 5470. Determine q(17).
-778
Let l(u) = u**3 + 36*u**2 - 594*u + 12328. Give l(-52).
-48
Let g(m) = m**3 + 3*m**2 - 1531*m - 7619. What is g(-5)?
-14
Let x(c) = -316837*c - 633677. Determine x(-2).
-3
Let i(j) = -j**3 - 123*j**2 - 2856*j - 119. Determine i(-31).
5
Let k(c) = -c**3 + 1489*c**2 - 145314*c - 609. Calculate k(105).
21
Let p(l) = -1289*l**2 - 8*l - 6. Determine p(-1).
-1287
Let f(s) = 389*s + 24889. Calculate f(-64).
-7
Let r(n) = 6*n**3 - 45*n**2 + 41*n - 175. What is r(7)?
-35
Let t(k) = 131423*k + 919919. Determine t(-7).
-42
Let y(v) = 8*v**2 + 4379*v + 31853. What is y(-540)?
-7
Let y(r) = -2*r**3 - 76*r**2 + 37*r + 347. Give y(-38).
-1059
Let g(b) = 189*b - 11191. Determine g(53).
-1174
Let n(a) = 73*a - 8703. Calculate n(119).
-16
Let r(f) = -111765*f + 8382409. Calculate r(75).
34
Let o(v) = -v**2 - 3*v + 223. Give o(7).
153
Let k(v) = -2*v**3 - 9*v**2 - 55*v - 1640. Determine k(-10).
10
Let r(u) = 11*u**2 - 972*u + 1231. Determine r(87).
-74
Let l(s) = 12*s**2 - 1325*s + 20979. Determine l(19).
136
Let l(z) = 4*z**2 - 284*z + 4080. What is l(20)?
0
Let t(h) = -h**3 + 93*h**2 - 27*h - 5615. Determine t(92).
365
Let c(r) = 766*r - 9919. Determine c(13).
39
Let s(k) = 239*k - 483. What is s(3)?
234
Let a(s) = s**3 + 799*s**2 - 26589*s + 2522. Give a(-831).
29
Let k(w) = 14*w**2 - 370*w - 319. Determine k(27).
-103
Let w(p) = 97*p**3 - 3590*p**2 + 2199*p - 79999. Give w(37).
-5
Let r(u) = u**3 - 20*u**2 + 94*u + 96. Calculate r(10).
36
Let w(v) = 6*v**2 + 55*v - 524. What is w(12)?
1000
Let v(o) = -4*o**2 + 188*o + 50226. Give v(138).
-6
Let i(l) = -8519*l - 1950874. Calculate i(-229).
-23
Let s(y) = -126*y + 98919. Calculate s(785).
9
Let z(p) = p**3 - 11*p**2 + 392*p - 4101. Give z(11).
211
Let o(y) = -541*y**2 + 2730*y - 152. Determine o(5).
-27
Let h(r) = -235243*r - 2587652. What is h(-11)?
21
Let o(c) = 1924*c**2 - 46168*c - 202. Give o(24).
-10
Let p(r) = r**2 + 132*r - 6622. What is p(-170)?
-162
Let j(v) = 474*v**2 - 6184*v + 238. Determine j(13).
-48
Let d(h) = 65*h**3 - 5*h**2 - 32*h - 66. What is d(-3)?
-1770
Let n(d) = 494*d**2 - 32123*d - 4. Calculate n(65).
-849
Let m(i) = 36*i**2 + 23*i - 47. Give m(2).
143
Let a(m) = -9*m**3 - 82*m**2 - 70*m - 101. What is a(-10)?
1399
Let u(m) = -586*m - 1146. Calculate u(-2).
26
Let u(g) = 67*g**2 + 7437*g - 9. Determine u(-111).
-9
Let g(w) = 10*w**3 + 810*w**2 - w - 87. What is g(-81)?
-6
Let n(w) = 6*w**2 + 9*w - 131. What is n(-6)?
31
Let f(k) = k**3 - 121*k**2 - 5857*k + 1734. Give f(158).
-4
Let p(s) = -2964*s + 2824. Calculate p(1).
-140
Let h(j) = j**3 - 38*j**2 - 92*j + 1087. Give h(40).
607
Let d(w) = w**2 + 154*w + 891. Give d(-7).
-138
Let m(r) = -1877*r + 645699. What is m(344)?
11
Let v(o) = o**3 - 58*o**2 - 1360*o - 21. Calculate v(76).
587
Let b(z) = 18*z**3 + 1364*z**2 - 281*z + 1744. Determine b(-76).
-4
Let s(x) = -19*x**3 + 609*x**2 - 31*x + 183. Determine s(32).
215
Let w(j) = -3*j**2 + 873*j + 203797. Give w(444).
1
Let o(l) = 86*l - 2379. Determine o(29).
115
Let c(b) = -37800*b - 189036. Give c(-5).
-36
Let w(k) = -3960*k + 98991. What is w(25)?
-9
Let s(j) = -4*j**3 + 6*j**2 + 827*j - 552. Give s(-14).
22
Let y(p) = 198*p**2 + 2108*p - 107. What is y(-11)?
663
Let s(n) = -5*n**3 + 1470*n**2 + 2975*n - 4436. Determine s(296).
4
Let i(l) = -17136*l + 205636. Give i(12).
4
Let x(w) = 1052*w**2 - 7362*w - 15. Determine x(7).
-1
Let o(b) = b**2 - 192004*b - 19979238. Give o(-104).
-6
Let b(m) = -m**3 + 565*m**2 - 4445*m + 80. Calculate b(8).
168
Let l(w) = -2*w**2 + 465*w - 20130. Give l(169).
1333
Let x(l) = -l**2 - 278*l - 7167. Give x(-29).
54
Let n(a) = -271*a - 4417. What is n(-16)?
-81
Let c(o) = -o**3 + 713*o**2 - 8421*o + 6303. Give c(701).
-6
Let z(g) = 2*g**3 - 43*g**2 - 2707*g - 2371. Give z(-27).
5
Let u(k) = -241*k + 8099. Determine u(33).
146
Let z(f) = 6*f**3 + 479*f**2 - 83*f + 135. Give z(-80).
375
Let d(o) = -o**2 + 10294*o + 72151. What is d(-7)?
44
Let f(j) = j**3 - 5*j**2 + 51*j + 255. Determine f(-4).
-93
Let k(q) = q**3 - 6*q**2 + 1990*q - 16199. Give k(8).
-151
Let a(w) = -w**2 - 113*w - 1116. What is a(-9)?
-180
Let l(u) = -365*u**3 - 51*u**2 - u - 16. Calculate l(-1).
299
Let q(s) = 395*s - 10963. Calculate q(28).
97
Let m(j) = 114*j - 10641. Calculate m(111).
2013
Let u(n) = -2*n**3 - 29*n**2 - 1432*n - 19970. What is u(-14)?
-118
Let x(u) = -1353*u - 161000. Give x(-119).
7
Let p(k) = -k**3 + 370*k**2 + 47*k - 17473. What is p(370)?
-83
Let r(b) = -4*b**3 - 179*b**2 - 117*b + 668. Calculate r(-44).
8
Let w(g) = -181983*g - 5641476. Give w(-31).
-3
Let v(x) = 35889*x - 969074. Give v(27).
-71
Let o(w) = 11317*w - 780803. Determine o(69).
70
Let u(h) = 66*h**2 - 21797*h - 38185. Determine u(332).
-5
Let j(u) = u**2 + 140656*u - 15. Give j(0).
-15
Let q(a) = 7*a**2 + 399*a + 115. What is q(-56)?
-277
Let p(i) = -161*i**2 + 744*i + 166. What is p(5)?
-139
Let s(c) = -20690*c - 206899. What is s(-10)?
1
Let x(v) = 2*v**2 - 236*v + 2433. Give x(121).
3159
Let r(p) = p**3 + 68*p**2 + 110*p - 573. Give r(-66).
879
Let u(l) = -8*l**3 - 34*l**2 - 1081*l - 4354. Calculate u(-4).
-62
Let i(z) = -10481*z - 52531. Determine i(-5).
-126
Let c(t) = -694127*t - 29847453. Calculate c(-43).
8
Let k(h) = 2*h**2 + 1006*h + 2029. Calculate k(-2).
25
Let a(l) = 8*l**2 + 8*l + 129. What is a(8)?
705
Let k(a) = -13*a**3 - 28*a**2 - 165*a - 210. Give k(-2).
112
Let i(w) = -36*w**2 + 16105*w + 32216. Determine i(-2).
-138
Let k(h) = -1852*h**2 - 118526*h + 77. Calculate k(-64).
-51
Let x(o) = -230*o - 6737. Calculate x(-29).
-67
Let c(d) = -d**2 + 2853*d + 48806. Determine c(-17).
16
Let s(r) = r**3 + 28*r**2 - 71*r + 73. Determine s(-32).
-1751
Let w(b) = -19*b**2 - 1931*b - 817. Calculate w(-101).
395
Let k(h) = -h**3 - 437*h**2 + 3603*h + 19131. What is k(-445)?
-4
Let h(o) = -5662*o + 271417. Determine h(48).
-359
Let w(z) = -z**2 + 42*z + 1964. What is w(69)?
101
Let p(l) = l**2 + 168*l - 4272. Give p(22).
-92
Let y(x) = -x**3 + 2*x**2 - 78*x + 234. Calculate y(3).
-9
Let n(c) = c**3 - 1261*c**2 + 19874*c + 721. Determine n(16).
-15
Let n(y) = 4957*y + 1050892. Calculate n(-212).
8
Let z(r) = 2927*r + 49784. Give z(-17).
25
Let l(y) = 4*y**2 + 2442*y + 14685. Calculate l(-6).
177
Let x(j) = -6369*j + 1655936. Calculate x(260).
-4
Let q(b) = 1883*b + 563052. Give q(-299).
35
Let q(d) = -3*d**3 + 119*d**2 + 2271*d + 2819. What is q(54)?
65
Let b(x) = 2600*x - 2883359. What is b(1109)?
41
Let i(d) = 5*d**2 + 420*d + 1574. Determine i(-4).
-26
Let m(b) = -16*b**2 - 370*b + 3841. Give m(10).
-1459
Let u(f) = -f**3 - 108*f**2 - 103*f + 332. What is u(-107)?
-96
Let i(t) = -2*t**3 + 39*t**2 + 55*t + 57. Determine i(21).
-111
Let u(r) = -r**2 + 60*r - 830. Calculate u(22).
6
Let j(n) = 4808*n + 4759921. What is j(-990)?
1
Let u(f) = -f**2 + 42211*f - 675140. Determine u(16).
-20
Let p(d) = -5742*d + 1211559. Give p(211).
-3
Let u(a) = -a**3 + 50*a**2 - 373*a - 115. What is u(41)?
-279
Let p(r) = -3*r**2 - 944*r - 40125. What is p(-264)?
3
Let t(y) = 2*y**3 - 283*y**2 - 20368*y - 402. Give t(194).
-14
Let v(q) = -17*q**2 - 1221*q - 4422. What is v(-68)?
-2
Let h(a) = a**2 - 188350*a + 1883386. Determine h(10).
-14
Let o(n) = 7*n**3 + 5*n**2 + 103*n + 54. 